ghest common factor of n and 182?
182
Suppose -16 = -5*i - 2*z, z - 2 = -i - 0*z. Suppose 3*q + 18 = i*q. Let k = -945 - -1008. Calculate the greatest common divisor of q and k.
9
Let o = -1125 + 1745. Suppose 3*c + 5*s - 374 = 0, 0*c - 5*c + o = 5*s. What is the highest common divisor of c and 41?
41
Let i = -4800 - -6204. What is the highest common factor of 972 and i?
108
Let f(b) = -3*b**2 + 30*b - 55. Let a be f(19). Let w = -428 - a. What is the greatest common factor of w and 385?
35
Let a = -4968 - -4971. Let l(o) = 4*o**2 + 4*o**2 + 9 - 4*o**2 + 4*o + o**3 + 4*o**2. Let u be l(-6). Calculate the greatest common divisor of a and u.
3
Suppose -3*l + 5*o + 5965 = 0, -1983 = -l - 261*o + 264*o. Calculate the highest common divisor of 70 and l.
35
Let j(h) = -13*h**2 + 97*h - 15. Let u be j(7). Suppose 2*y = 22 + 14. Calculate the greatest common divisor of y and u.
9
Let a(o) = -o**3 - 8*o**2 + 4*o + 26. Let b be a(-6). Let l = b + 105. Calculate the greatest common divisor of 5 and l.
5
Let x = -53 - -1601. Let w be (-6)/15 - x/(-20). What is the highest common factor of 56 and w?
7
Let r(u) = u**3 + 10*u**2 + 3*u + 2. Let t be r(-6). Suppose 13*i - 9*i = t. Let j be -18*(i/12 - 3). Calculate the highest common divisor of j and 18.
6
Let w(v) = -v**3 - 46*v**2 - 209*v - 12. Let t be w(-41). Calculate the greatest common factor of t and 798.
38
Suppose -5*s + 234 + 1206 = 0. Let u(h) = h**3 + 4*h**2 + 2*h + 1. Let j be u(-3). Suppose -j*p + 3*p + 32 = 0. Calculate the highest common factor of s and p.
32
Let r(b) = 3*b**3 - 28*b**2 + 161*b + 4. Let l be r(13). Calculate the highest common divisor of l and 644.
92
Let h be ((-546)/117)/(4/6*-1). Let s be (-4)/(-8)*-1*172. Let c = 33 - s. What is the highest common factor of h and c?
7
Let p(b) = b**3 + 4*b**2. Let o be p(-4). Suppose o = 2*w - w - 28. Suppose -38*j + 41*j - 210 = 0. What is the greatest common divisor of j and w?
14
Suppose 575*k - 28896 = 231*k. What is the greatest common divisor of 30 and k?
6
Let a(o) = 414*o**3 - 3*o**2 - 13*o + 15. Let j be a(1). Calculate the highest common factor of 531 and j.
59
Let u(n) = -87*n - 107. Let o be u(-7). Let x = o - 481. Suppose 2*y - 3*l = -3*y + 849, 4*y - 687 = 5*l. Calculate the greatest common factor of y and x.
21
Suppose o = -0 + 2. Suppose 3*n - 3*h = 6*n - 105, o*n - 70 = 2*h. Calculate the greatest common factor of 315 and n.
35
Suppose -4*t - 20 = -4*m, 4*t + 4 = -5*m - 7. Let j = -1945 - -1360. Let h be t/(-7) + j/(-91). Calculate the greatest common divisor of h and 21.
7
Let x(a) be the third derivative of a**6/120 - a**5/30 - 5*a**4/24 - 2*a**3/3 + 68*a**2. Let v be x(4). Calculate the greatest common factor of v and 2.
2
Let f = 4483 + -4326. What is the greatest common divisor of f and 1256?
157
Suppose 28 = -2*k + j, j + 12 = -2*j. Let z be 78/(5/6 - k/96). Calculate the greatest common divisor of 26 and z.
26
Let q(b) = -2*b**3 - 2*b**2 - 90*b + 54. Let i be q(-9). What is the greatest common factor of 135 and i?
135
Let w be ((-210)/(-20) - 6)/((-1)/(-32)). Let q = w + -142. Suppose 4*r = g + 91, -5*r + 82 = -g - 31. What is the greatest common divisor of q and r?
2
Let w = 25765 - 21208. What is the greatest common factor of 279 and w?
93
Suppose -u - 3*j = -112, 0 = -3*u - 3*j - j + 356. Calculate the highest common divisor of 62 and u.
62
Let k = 7 - -4. Suppose -36 = -29*v + 23*v. Suppose -k*f + 95 = -v*f. Calculate the greatest common divisor of 171 and f.
19
Let h(q) = -q**2 + 11*q - 9. Let w = 15 - 13. Suppose 0 = -3*j + 6, j = x + w*x - 22. Let k be h(x). Calculate the highest common divisor of 15 and k.
15
Let l be 24/(-56) - (-8)/(-14). Let x be (345/(-20))/((l/12)/1). What is the highest common factor of 46 and x?
23
Let b(i) = -3*i**3 + 19*i**2 - 3*i - 15. Let s be b(6). Suppose 3*p + s = 0, -p - 58 = -3*f - 0*p. What is the highest common divisor of 19 and f?
19
Let h = -500 - -360. Let u = h - -168. What is the greatest common factor of u and 16?
4
Suppose -2*z + 8 + 22 = 0. Let d be ((-36)/(-54))/(2/(-9)) + 33. What is the highest common divisor of z and d?
15
Let v = -245 + 245. Suppose 0 = 2*r - v*r - 78. Calculate the highest common factor of 9 and r.
3
Let w be 1 - (-56619)/11 - 4*6/132. Calculate the greatest common factor of w and 33.
33
Suppose 0 = -7*s + 4*s - 3. Let r be s/((-3)/66*2). Let i(d) = d**2 - 7*d + 7. Let j be i(6). What is the highest common divisor of r and j?
1
Let f = 127 - 119. Suppose -f*z = 4*t - 13*z - 57, 0 = -t - 5*z - 17. What is the greatest common factor of 22 and t?
2
Suppose 7*r = 82 - 54. Let w be 60*8/12*27/r. What is the highest common factor of w and 90?
90
Let j be (-9063)/(-135) + (-2)/15. Suppose j + 221 = 12*h. What is the highest common divisor of h and 3?
3
Let j = 20 + -26. Let t be (-4)/j*(-63)/(-2). Suppose -t = -v + 4*s, 3*v + 51 = 5*v + s. What is the highest common factor of 100 and v?
25
Let d be (14/5)/((-10)/(-25)). Let z be (-14 - (-243)/9)/((-1)/14*-2). Calculate the greatest common factor of z and d.
7
Let s = -748920 - -748962. Let z be 2/(40/18 - 2). Let d be 3/z - 167/(-3). What is the highest common factor of d and s?
14
Let c = 166 - 170. Let f be (-600)/(-80) + 2*(-1)/c. Calculate the greatest common factor of f and 10.
2
Suppose -2*j + 7 + 25 = 0. Let k(a) = -a**3 - 7*a**2 - 4*a - 70. Let t be k(-9). Calculate the greatest common factor of j and t.
16
Let z(d) = 185*d - 5557. Let o be z(45). Calculate the greatest common divisor of o and 16.
16
Suppose 0*g - g - 6845 = -2*o, 3*o + g - 10265 = 0. What is the highest common factor of 58 and o?
58
Let d be (0 - (-19)/38)*4/2. What is the greatest common factor of 357 and d?
1
Let d = 6528 - 6523. Calculate the highest common factor of d and 1565.
5
Let o(b) = b**2 + 3*b - 23. Let i be o(-8). Let t be (1 - 0)*2/(-2). Let r be (0 + t)*(-66 + -2). Calculate the greatest common divisor of i and r.
17
Let q be (154/33 - (-2 + 32/12)) + 18. Calculate the highest common factor of 10483 and q.
11
Suppose -2*y + 1935*j = 1934*j - 17, 5*y - j - 53 = 0. What is the greatest common factor of 1494 and y?
6
Suppose -15*p + 503 = -127. Let u = -46 + p. Let o be (-8 - 1)/(u/24). Calculate the highest common factor of o and 90.
18
Suppose -5*b = -3*y - 63, -2*y + b = -7*y - 77. Let d be 1773/6 + (-24)/y. What is the highest common divisor of d and 27?
27
Let h = 644 - 232. Let g = -370 + h. Calculate the highest common divisor of g and 378.
42
Let g = -70 - -72. Suppose -g*f - 2*o - 7 = 5, -3*f + 5*o + 22 = 0. Let s be (-2)/f*51/6 - 3. Calculate the greatest common divisor of s and 7.
7
Let r = -42 - -45. Let b(l) = l**2 - 2*l**2 - 2*l - 2 + 3*l**2 + 0*l**2. Let x be b(-1). What is the greatest common factor of x and r?
1
Let r(a) = -6*a**2 + 7*a + 16. Let v be r(-4). Let k = v + 78. Let m be ((-266)/21 - -4)/(4/k). Calculate the highest common divisor of m and 52.
13
Suppose w - 2*p = 64, -3*p = -2*w - 4*p + 148. Let v be ((-3)/(-2) - 1)/(1/12). Let o = v + 2. What is the greatest common factor of w and o?
8
Let t be -1*(56/(-12) - (-8)/12). Let v be (-6)/3 - 1*(1 - 119). What is the highest common factor of v and t?
4
Let s(x) = 5*x**2 - x - 24. Let j be s(-4). What is the greatest common factor of j and 2180?
20
Let a be 1881*((-132)/(-18) + -7). What is the greatest common factor of a and 231?
33
Let r be (-12)/2*10/(-4). Suppose 3*c - 51 - 9 = -4*l, -5*l = r. Calculate the greatest common divisor of c and 36.
12
Let n be 2*2/(-4)*-7. Let b be (1 - -2)*(7/10)/(21/70). What is the greatest common divisor of b and n?
7
Suppose 4*h = -u + 3*u + 7440, -5*u + 3720 = 2*h. Suppose 0 = -0*t - 12*t + h. Calculate the highest common divisor of 62 and t.
31
Suppose 23*x - 4*x = 7733. Suppose -d = -1271 + x. What is the greatest common factor of d and 96?
96
Let p be (-304)/12*6*-1. Let u be ((1134/24)/9)/(1/8). Let q = u - 23. Calculate the highest common divisor of p and q.
19
Suppose -630 = 509*o - 515*o. Calculate the highest common divisor of o and 756.
21
Let b be (2 + 10)/(-96) + (-7657)/(-8). What is the highest common divisor of b and 198?
33
Suppose 32*w - 26021 + 9637 = 0. What is the highest common divisor of w and 16?
16
Suppose 86 = 2*u - 4*v + 6*v, 58 = 2*u - 5*v. Suppose -506 = 5*o - 1351. Cal